Let u(p) = r*p + 0*p**2 + 1 - p**2 + 0*p. Give u(3).
4
Let t(z) = 3*z - 2. Let k(s) = s + 1. Let a(y) = k(y) - t(y). Let h be a(-4). Let m = h + -8. Let g(i) = -i**2 + 7*i - 4. Calculate g(m).
8
Suppose 24 = -0*u - 4*u + 3*o, 0 = -4*o. Let p(y) = -y**3 - 5*y**2 + 4*y - 5. Determine p(u).
7
Let j be 4*(2 - (-3)/(-2)). Let i be (1 - j)/(-1 - 0). Let b(u) = u + 4. Let h(m) = m + 1. Let d(o) = -b(o) + 5*h(o). Determine d(i).
5
Suppose 3*v = 5*g + 7 + 24, 3*v - 19 = -g. Let z(h) = 5*h**3 + 2*h**2 + h + 11. Let r(y) = 9*y**3 + 5*y**2 + 3*y + 21. Let l(t) = v*z(t) - 4*r(t). Give l(-5).
-7
Let t(o) = 10*o**2 - o + 3. Let b(z) = -3*z**2 - 1. Let s(a) = -7*b(a) - 2*t(a). Calculate s(-1).
0
Suppose -11 - 5 = 4*g. Let w(r) be the third derivative of -r**4/24 - 2*r**3/3 + r**2. Calculate w(g).
0
Let q be ((-21)/(-12) + -1)*4. Let m(h) = h - 7. Give m(q).
-4
Let j(x) = 2*x + 8. Let m(s) = -s. Let z(t) = -j(t) - 3*m(t). Give z(6).
-2
Let a(o) = 3*o**2 + 4*o**2 - 3 + 13*o - 6*o - 8*o**2. Calculate a(5).
7
Let w(q) = q**3 + q - 2. Let f(d) = 4*d**2 + d - 6. Let s(k) = 3*k**2 + 2*k - 6. Let l(u) = 2*f(u) - 3*s(u). Let p be l(-5). Let z = 3 - p. Give w(z).
8
Suppose 7*g = 2*g + 75. Suppose -4*p + 7*p = -g. Let m(d) = -d**3 + d**2 + d + 1. Let s(b) = -2*b**3 - 5*b**2 - 5*b. Let w(x) = m(x) - s(x). What is w(p)?
-4
Let w(x) = -3*x + 7. Suppose 3*d = 2*d + 8. Suppose 4*k - d = 3*k. Let z = k - 3. What is w(z)?
-8
Let k(f) = f**2 - 4*f + 2. Let d(b) = -b**2 - 5*b - 3. Let x be d(-3). Suppose 3*p = -0*p + 3*n - 30, -x*p - 3*n = 18. Let s = p + 11. Calculate k(s).
-1
Let d(b) be the first derivative of -b**3/3 - 2*b**2 - 3*b - 1. Let w(p) = 3*p - 3. Let f be w(0). What is d(f)?
0
Let f(k) = k**3 + 4*k**2 - 4*k + 5. Let i be f(-5). Suppose 3*h = -i*h - 6. Let g(c) = -c**2 + 2 - 3*c - 4 - c. What is g(h)?
2
Let z(d) be the first derivative of d**3/3 - 2*d**2 + 4*d - 1. Let m = 13 + -8. Give z(m).
9
Let m(h) = 108*h**2 + 1 + 5*h - 56*h**2 - 53*h**2. Calculate m(3).
7
Let h(m) = -m**3 + m**2 + 3*m + 3. Let g be h(3). Let u(k) = k**3 + 5*k**2 - 7*k - 1. Let q be u(g). Let b(z) = -z - 6 + 9 + 4. Calculate b(q).
2
Let t(a) = -4*a - 3. Let z be t(-3). Let r be -3*6/z + 2. Let x(v) = -2 + v - v - v. Calculate x(r).
-2
Let j(d) = d - 7. Let g(q) = q**2 - 4. Let t be -2*(-1 - 0 - 0). Suppose -4 = 2*a + t. Let c be g(a). What is j(c)?
-2
Let z(d) = 5 - 2 - 5 - d + 1. Give z(4).
-5
Let p(u) = -5*u + 27. Let z be p(5). Let f(y) = -3*y**2 + 3*y. Give f(z).
-6
Let m(t) = -t**3 + 11*t**2 + 12*t - 2. Let n be m(12). Let a(s) be the third derivative of 0*s + 0 + 1/3*s**3 + 1/60*s**5 - 2*s**2 + 1/12*s**4. What is a(n)?
2
Suppose 3*p - 3 = -2*j + 11, p - 10 = -2*j. Suppose r - 5 + p = 0. Let q(b) = -b**3 + 4*b**2 - 2*b + 2. Calculate q(r).
5
Let a(l) be the third derivative of l**5/60 - 3*l**4/8 + l**3 - 8*l**2. What is a(4)?
-14
Let s(r) = 6*r - 7. Let n(d) = d. Let g(a) = 4*n(a) - s(a). Determine g(5).
-3
Suppose 4*m + 0*a = 3*a + 16, 3*a + 14 = 2*m. Let d be ((-15)/9)/(m/(-3)). Let s(k) = k**3 + 1 + 5*k - 6*k**2 - 3 + 5. Determine s(d).
3
Let y(o) = o**3 - 7*o**2 - 8*o - 8. Let n(s) = -2*s**3 - 10*s**2 - 4*s - 12. Let f be n(-5). Determine y(f).
-8
Let x(k) = 9*k - 3. Let g(h) = -13*h + 4. Let f(d) = -5*g(d) - 7*x(d). Let w(s) = s. Let o(y) = f(y) - 4*w(y). Calculate o(4).
-7
Let x(q) be the first derivative of -1/3*q**3 - 1 + q + 2*q**2. What is x(5)?
-4
Let p(l) be the third derivative of -l**5/60 + l**4/24 - 12*l**2. Give p(-3).
-12
Let f(z) = -z**3 - 6*z**2 - 3*z + 7. Let w(r) = 1 + 1 - 3 + 7*r. Let j be w(1). Let u be ((-2)/4)/(j/60). What is f(u)?
-3
Suppose 0 = -4*w - 4, -5*w = -3*a - 0*a - 7. Let d(m) = 4*m + 1. Let u(c) = -17*c - 7. Let j(s) = 4*d(s) + u(s). Determine j(a).
1
Let v(c) = c**3 + c**2 + c. Let x be v(0). Let b(f) = -f**2 - f + 3. What is b(x)?
3
Let c(o) = 2*o + 6. Let t(m) = -m**2 - 5*m + 7. Let w be t(-6). Suppose 4*y + 25 - w = 0. Determine c(y).
-6
Let v(d) = d**2 - d - 1. Let o(y) = -3. Let f(a) = a - 4. Let s(x) = -3*f(x) + 4*o(x). Let i be s(-1). Calculate v(i).
5
Let n = 102 + -108. Let c(a) be the third derivative of a**4/12 + a**3 - a**2. Determine c(n).
-6
Let s(b) = 3*b - 13. Let m be s(6). Let v(y) = y**2 - 7*y + 3. Give v(m).
-7
Let v = -28 - -32. Let b(t) be the third derivative of t**6/120 - t**5/20 - t**4/24 + 3*t**2. Determine b(v).
12
Suppose -2*i = -i - 2. Suppose -d - 1 = -5*y + i, -2*y - 3*d + 8 = 0. Let z(x) = 6 - y + x - 1. Determine z(-4).
0
Let f(u) = 7*u**3 + 7*u**2 - 7*u - 5. Let d(g) = 10*g**3 + 10*g**2 - 10*g - 8. Let a(y) = 5*d(y) - 7*f(y). Calculate a(0).
-5
Let c(s) be the first derivative of -s**3/3 - 4*s**2 + s + 1. Determine c(-4).
17
Let c(p) = -p - 7. Let h be c(-7). Suppose h*f + 8 = -4*f. Let n = f - -3. Let t(q) = q - 1. Give t(n).
0
Let d(v) = -v**2 - 5*v + 1. Let m = -5 - -10. Suppose -5 = -c, m*s - 2*s - 8 = -4*c. Determine d(s).
5
Let p(z) = 4 - 5 - z**2 + 4 - 2 + 2*z. What is p(-1)?
-2
Let u(f) = f - 4. Suppose -4*c - c = -25. Let g = 1 + c. What is u(g)?
2
Let u(i) be the first derivative of 1/3*i**3 - 7 - 4*i**2 + 8*i. Give u(6).
-4
Let z = 0 - -1. Suppose 0 = 5*l + 5*a - 30, 4*l - 6*a = -2*a - 16. Let g(t) = l - 5*t + 0 + 3*t + 6*t. Determine g(z).
5
Suppose 9*l + 110 = 14*l. Let b(n) = -l*n**2 + 22*n**2 - 2*n + n**3. Calculate b(2).
4
Let b = 216 - 215. Let s(y) be the second derivative of y**4/3 - y**2/2 + y. What is s(b)?
3
Let q(l) = l**2 - l + 7. Let t(d) = -2*d**2 - 2*d - 1. Let f be t(-1). Suppose 5 - 2 = 3*i. Let b = i + f. Determine q(b).
7
Let b(c) = -c - 1. Let g(o) = 7*o + 8. Let s(x) = -4*b(x) - g(x). Determine s(-5).
11
Let z = 3 + -3. Suppose -2*q - 2*t = z, 0 = q - 0*q + 3*t. Let u(b) = 0*b - 1 - 5*b + q*b - 3*b. What is u(-1)?
7
Let a(x) be the first derivative of x**4/4 + x**3/3 + x**2/2 - 7*x - 3. Determine a(0).
-7
Let w(o) be the first derivative of 3*o**2 - 1/3*o**3 - 3 - o. Give w(4).
7
Suppose -5*t - 4 = -3*t. Let o(d) = 1. Let h(f) = f - 2. Let z(g) = h(g) + 3*o(g). Calculate z(t).
-1
Let j(a) = 3*a**3 + 18*a**2 + 21*a + 4. Suppose -4*c = c - 15. Let d(f) = -f**3 - 6*f**2 - 7*f - 1. Let u(p) = c*j(p) + 8*d(p). Calculate u(-5).
-6
Let s(a) be the second derivative of -a**3/6 - a**2/2 + 3*a. Let r be s(-7). Let f(p) = -p**3 + 6*p**2 - 3. Determine f(r).
-3
Let u = -1 + 3. Suppose -3*b = -2*g + 5 + 7, 4 = -u*g - 5*b. Let s(l) = -l**2 - l**3 - 2 + 4*l**2 - 2*l**2 + 4*l. Give s(g).
-8
Let h(s) = s + 3. Let b be h(4). Let d = -2 + b. Suppose v + 2*v = -2*l + 10, 3*v + 25 = d*l. Let m(o) = -o**2 + 4*o + 4. What is m(l)?
-1
Let x be (-1)/(-2)*2*0. Let t(k) = 0*k + 8*k**3 + 8*k**3 - 15*k**3 - 5 - k. Determine t(x).
-5
Let m(s) = 5*s - 5. Let j(w) = -w + 1. Let h(q) = 11*j(q) + 2*m(q). Suppose -3*l = -0 - 3. Give h(l).
0
Let f be 34*21/(-360) + 2. Let n(h) be the third derivative of -1/6*h**3 + 1/12*h**4 + 0 - 1/120*h**6 - h**2 + 0*h - f*h**5. What is n(-2)?
-1
Let s = 1 + -2. Let a(q) = 2*q**2 - 6*q + 4. Let b(r) = r**2 - 4*r + 3. Let v(u) = -5*a(u) + 7*b(u). Determine v(s).
-4
Let p be 1*(1 - 3 - 1). Let h(o) = 6*o + 1. Let n(j) = -5*j. Let r(x) = -4*h(x) - 5*n(x). Give r(p).
-7
Let l(u) = -u**2 + 6*u - 5. Let a be l(5). Let p(n) = -2*n - 2*n + 3*n + a + 2. Give p(-6).
8
Let l(b) be the second derivative of b**8/6720 + b**7/420 + b**5/30 + b**4/12 - 3*b. Let v(y) be the third derivative of l(y). Determine v(-6).
4
Let w(i) = i**3 - 5*i**2 - 4*i - 7. Suppose 4*g + g - 20 = 0. Let q = g - -2. Let s be w(q). Let x(z) = z**2 - 6*z. What is x(s)?
-5
Let l(z) = z - 3*z + 1 + 7*z. Suppose 0*t + t + 23 = -5*y, 0 = 4*y - 3*t + 7. Let c(d) = d + 2. Let q be c(y). Determine l(q).
-9
Let y(a) be the second derivative of 7/120*a**5 - 2*a + 0*a**2 - 1/720*a**6 + 0*a**3 - 1/6*a**4 + 0. Let p(w) be the third derivative of y(w). Calculate p(6).
1
Let u(z) = z**2 + 2*z - 7. Suppose 0 = -2*o - 3*o + 140. Suppose 0 = -4*j - o + 8. What is u(j)?
8
Let y(g) = -3*g. Let h = 85 - 84. What is y(h)?
-3
Let o(c) be the second derivative of c**3/2 + c**2 - 2*c. What is o(-2)?
-4
Let v(z) = z**2 + 3*z - 1. Let p(y) = -5*y**2 - 16*y + 5. Let c(b) = -2*p(b) - 11*v(b). Calculate c(2).
-5
Suppose 0 = 3*o + 4 + 2. Let r(h) = -h**2 - 5*h - 1. Let x(v) = -3*v**2 - 14*v - 3. Let g(f) = -11*r(f) + 4*x(f). Give g(o).
-3
Let y(p) = 